
Is 71165 a multiple of 6?
False
Is 375 a factor of 4578750?
True
Is 265 a factor of 581410?
True
Does 8 divide 30647?
False
Does 7 divide 2571268?
True
Does 1369 divide 12243331?
False
Is 43 a factor of 248869?
False
Is 20 a factor of 2402320?
True
Is 18 a factor of 407502?
True
Does 30 divide 326190?
True
Is 4 a factor of 58752?
True
Is 310089 a multiple of 13?
True
Is 7093406 a multiple of 313?
False
Is 71 a factor of 373460?
True
Does 22 divide 331505?
False
Does 35 divide 1773473?
False
Is 6794 a multiple of 86?
True
Is 9 a factor of 1849059?
True
Does 474 divide 7625810?
False
Does 73 divide 226738?
True
Does 47 divide 1025822?
True
Is 252993 a multiple of 259?
False
Is 924 a factor of 2878260?
True
Is 281 a factor of 164104?
True
Is 27 a factor of 176443?
False
Is 506951 a multiple of 53?
False
Is 33 a factor of 1121934?
True
Is 2788234 a multiple of 542?
False
Is 236 a factor of 44840?
True
Is 3 a factor of 9060?
True
Is 7 a factor of 28350?
True
Is 140800 a multiple of 68?
False
Is 63240 a multiple of 162?
False
Is 35 a factor of 8365?
True
Is 1197449 a multiple of 11?
True
Does 313 divide 397510?
True
Is 349 a factor of 9050268?
True
Does 18 divide 338518?
False
Does 414 divide 246330?
True
Does 341 divide 79597?
False
Is 170148 a multiple of 132?
True
Is 8845738 a multiple of 11?
True
Is 112860 a multiple of 66?
True
Does 181 divide 75569?
False
Is 10457106 a multiple of 11?
True
Does 13 divide 63073?
False
Is 263590 a multiple of 4?
False
Does 25 divide 3153529?
False
Is 7 a factor of 212426?
False
Is 163356 a multiple of 4?
True
Does 52 divide 108575?
False
Is 12 a factor of 3598800?
True
Is 17 a factor of 311205?
False
Is 130 a factor of 1026740?
True
Is 2012339 a multiple of 431?
True
Does 23 divide 2570346?
False
Is 4226075 a multiple of 155?
True
Does 15 divide 9792195?
True
Does 21 divide 1993736?
False
Does 40 divide 5106902?
False
Does 166 divide 387444?
True
Is 12 a factor of 26796?
True
Is 4 a factor of 1425885?
False
Is 48552 a multiple of 17?
True
Is 49 a factor of 10642996?
True
Is 4128150 a multiple of 30?
True
Is 15 a factor of 4737693?
False
Is 281 a factor of 11584506?
True
Does 93 divide 3392329?
False
Is 1756756 a multiple of 4?
True
Does 189 divide 15985411?
False
Is 64 a factor of 9819200?
True
Is 296100 a multiple of 564?
True
Does 16 divide 701040?
True
Is 22 a factor of 2511508?
False
Does 10 divide 22022780?
True
Is 52548 a multiple of 9?
False
Is 250995 a multiple of 29?
True
Does 10 divide 59470?
True
Is 91 a factor of 69615?
True
Is 560815 a multiple of 32?
False
Is 1611757 a multiple of 18?
False
Does 18 divide 248571?
False
Is 208990 a multiple of 13?
False
Does 18 divide 9966459?
False
Is 2298904 a multiple of 8?
True
Does 10 divide 106810?
True
Is 69 a factor of 1827366?
False
Does 2 divide 215705?
False
Is 208 a factor of 3620178?
False
Is 3608622 a multiple of 542?
False
Does 234 divide 1533636?
True
Does 40 divide 347840?
True
Is 6437812 a multiple of 166?
True
Is 6557158 a multiple of 94?
True
Is 60382 a multiple of 19?
True
Is 550 a factor of 8191966?
False
Is 860 a factor of 28248420?
True
Does 87 divide 426561?
True
Is 76 a factor of 387904?
True
Is 21 a factor of 33138?
True
Is 3555664 a multiple of 212?
True
Is 3024756 a multiple of 84?
True
Does 4 divide 447738?
False
Is 111 a factor of 188567?
False
Does 584 divide 424568?
True
Does 404 divide 517837?
False
Is 20 a factor of 324180?
True
Does 772 divide 10582576?
True
Is 35505 a multiple of 9?
True
Does 9 divide 6676810?
False
Is 53486 a multiple of 3?
False
Is 92 a factor of 1240755?
False
Does 497 divide 964677?
True
Does 27 divide 673299?
True
Is 4 a factor of 44464?
True
Does 26 divide 753885?
False
Does 25 divide 13175?
True
Does 29 divide 5765633?
False
Is 13858597 a multiple of 1259?
False
Does 114 divide 1042465?
False
Is 52 a factor of 2052752?
True
Is 137 a factor of 228790?
True
Does 7 divide 1021202?
True
Does 831 divide 563262?
False
Is 6710113 a multiple of 15?
False
Is 61285 a multiple of 28?
False
Does 318 divide 4847274?
True
Is 121 a factor of 111798?
False
Is 40167 a multiple of 9?
True
Is 471898 a multiple of 57?
False
Is 243469 a multiple of 228?
False
Does 512 divide 1194812?
False
Is 350744 a multiple of 4?
True
Is 122914 a multiple of 3?
False
Is 21 a factor of 1754227?
False
Is 457 a factor of 2128706?
True
Does 43 divide 146613?
False
Does 470 divide 133692?
False
Is 3346530 a multiple of 11?
True
Is 10 a factor of 69315?
False
Is 499 a factor of 652193?
True
Does 188 divide 192512?
True
Does 103 divide 2283733?
False
Is 550 a factor of 23454690?
False
Is 91 a factor of 494998?
False
Is 1313425 a multiple of 535?
True
Is 708262 a multiple of 346?
True
Does 223 divide 357542?
False
Is 10764 a multiple of 3?
True
Is 777336 a multiple of 28?
True
Is 36630 a multiple of 5?
True
Is 13 a factor of 1322555?
True
Does 4 divide 10641?
False
Is 47 a factor of 1439046?
True
Is 223939 a multiple of 560?
False
Does 127 divide 565986?
False
Is 2927484 a multiple of 21?
True
Does 354 divide 1433700?
True
Does 20 divide 1338860?
True
Is 112 a factor of 3315424?
True
Does 125 divide 1373375?
True
Is 6 a factor of 2601210?
True
Is 4772484 a multiple of 284?
False
Does 11 divide 552907?
False
Does 28 divide 22511326?
False
Is 1398646 a multiple of 7?
False
Is 179 a factor of 319607?
False
Is 314 a factor of 6296956?
True
Does 9 divide 2652576?
False
Is 14 a factor of 1166511?
False
Is 2589508 a multiple of 365?
False
Is 338807 a multiple of 203?
True
Does 726 divide 4924458?
True
Does 11 divide 85863?
False
Is 27903 a multiple of 131?
True
Does 42 divide 130548?
False
Is 74 a factor of 753912?
True
Does 22 divide 794134?
True
Is 76 a factor of 681027?
False
Does 11 divide 11528456?
False
Is 308136 a multiple of 5?
False
Does 329 divide 136955?
False
Is 230571 a multiple of 11?
True
Is 26 a factor of 572520?
True
Is 4545339 a multiple of 77?
False
Is 650714 a multiple of 881?
False
Is 332371 a multiple of 98?
False
Does 40 divide 671112?
False
Is 3035540 a multiple of 92?
True
Does 4 divide 909438?
False
Does 36 divide 204516?
True
Is 57741 a multiple of 122?
False
Is 546701 a multiple of 211?
True
Is 28572 a multiple of 4?
True
Is 51 a factor of 243392?
False
Is 28 a factor of 9634940?
True
Is 996160 a multiple of 80?
True
Does 10 divide 476309?
False
Is 75 a factor of 207602?
False
Does 7 divide 182276?
False
Is 191 a factor of 112825?
False
Does 94 divide 67306?
False
Does 460 divide 343330?
False
Is 86 a factor of 23521516?
True
Does 692 divide 60896?
True
Is 23 a factor of 52044?
False
Is 955 a factor of 4999795?
False
Is 13769461 a multiple of 9?
False
Is 8 a factor of 2197280?
True
Is 253197 a multiple of 13?
False
Is 289047 a multiple of 461?
True
Is 142 a factor of 518016?
True
Does 144 divide 3008736?
True
Is 327 a factor of 99349?
False
Is 595 a factor of 918614?
False
Does 210 divide 167790?
True
Does 6 divide 4462?
False
Is 305 a factor of 425957?
False
Does 1437 divide 3766116?
False
Is 1018293 a multiple of 45?
False
Does 20 divide 5444261?
False
Does 3 divide 1289697?
True
Is 12 a factor of 114972?
True
Is 10 a factor of 851543?
False
Is 534009 a multiple of 2?
False
Does 254 divide 112522?
True
Does 4 divide 2359891?
False
Is 169891 even?
False
Does 40 divide 577760?
True
Is 2268168 a multiple of 168?
True
Is 6 a factor of 480486?
True
Is 24 a factor of 15796?
False
Does 3 divide 872208?
True
Does 4 divide 265745?
False
Is 1220 a factor of 1459120?
True
Is 1096664 a multiple of 58?
True
Is 4298674 a multiple of 500?
False
Does 350 divide 268298?
False
Does 519 divide 1370679?
True
Is 326239 a multiple of 17?
False
Is 631332 a multiple of 39?
True
Is 74 a factor of 9042208?
True
Is 57103 a multiple of 17?
True
Does 421 divide 593297?
False
Is 15552266 a multiple of 529?
False
Is 56 a factor of 232964?
False
Is 126 a factor of 3301074?
True
Does 34 divide 31416?
True
Does 221 divide 3517138?
False
Does 22 divide 31353?
False
Does 7 divide 32457?
False
Does 458 divide 6764660?
True
Is 98508 a multiple of 6?
True
Is 4351102 a multiple of 7?
True
Is 736958 a multiple of 112?
False
Is 10336998 a multiple of 324?
False
Is 8076848 a multiple of 29?
True
Does 3 divide 18183?
True
Is 359 a factor of 7225467?
False
Is 37 a